r of l and s.
12
Let s(o) = -6*o - 39. Let d be s(-11). What is the highest common factor of 3 and d?
3
Let x be 31/((-155)/10) + (0 - -527). Calculate the highest common divisor of 735 and x.
105
Suppose -p + 4*l + 2 = -1, -l = 3*p - 35. What is the highest common factor of p and 649?
11
Let f(j) = -j**3 - j + 10. Let a be f(0). Let s be (8/a)/((-6)/(-15)). Calculate the highest common divisor of 14 and s.
2
Suppose -185 - 31 = -8*t. Calculate the highest common factor of t and 45.
9
Let k(l) = l**3 - 11*l**2 - 4*l + 18. Let u be k(12). Suppose 0 = -4*j - 2*j + u. What is the highest common divisor of 171 and j?
19
Let y be 229 - -1 - (36 + -31). Calculate the highest common factor of 9 and y.
9
Suppose 4*z = 2*u + 2798, -2*u - 1060 = -z - 362. What is the greatest common factor of 40 and z?
20
Suppose d + 4*d = 20. Suppose 5*o - 3*y = 280, -3*y = -d*y. What is the highest common divisor of o and 140?
28
Let z = -1 + -7. Let f be (-200)/(-14) + z/28. Suppose 0 = 2*a - f - 4. Calculate the greatest common factor of a and 54.
9
Suppose 4*x - 512 = -5*i, -4*x + 120 + 368 = -i. Let t = -108 + x. What is the greatest common divisor of t and 6?
3
Suppose 12*b + 1045 = 23*b. Calculate the greatest common divisor of b and 5.
5
Let y be -303*7/(-49) + 12/(-42). Calculate the highest common divisor of 1075 and y.
43
Suppose 30 = 3*r - k, 155*k + 41 = 4*r + 154*k. Suppose 4*s - 21 = 111. Calculate the highest common divisor of s and r.
11
Let d be 60/(-10)*(-1)/((-9)/(-6)). Suppose 4*o - 5*u = 8*o - 26, 0 = d*o + 3*u - 22. Calculate the highest common factor of o and 4.
4
Let u(d) = -d**3 - 12*d**2 + 11*d - 16. Let x be u(-13). Calculate the greatest common divisor of x and 35.
5
Let s(t) be the first derivative of -7*t**2/2 + 15*t - 28. Let f be s(-23). Calculate the greatest common factor of 11 and f.
11
Let y(i) = 299*i**2 - 52*i - 145. Let p be y(-3). What is the greatest common divisor of 14 and p?
14
Let p = 43 + -31. Suppose -6*x + x - 5*o + 165 = 0, 0 = -4*x + 5*o + 105. Calculate the highest common divisor of p and x.
6
Let l(d) = 28*d - 21. Let v be l(22). Calculate the highest common divisor of v and 70.
35
Let s = 325 + -310. Calculate the highest common factor of 120 and s.
15
Let i be (-11268)/(-126) + 8/14. What is the greatest common divisor of 18 and i?
18
Let b be 222 - (3 + (4 - 2) - 5). Calculate the highest common factor of 148 and b.
74
Suppose 2*l = 5*y + 39, -20 = -7*l + 2*l - 3*y. Let m be 30/24 + (-3)/12. What is the greatest common factor of l and m?
1
Let i be (30 + 0)*13/26. Suppose 3*f - j = 496, 4*f + 5*j = -0*f + 655. Let m be (-3)/2 + f/10. Calculate the greatest common factor of i and m.
15
Suppose 57 = -4*o + 4*m - 39, -o = -5*m + 24. Suppose 4*x + x + 8*z = 214, 0 = 2*x - 3*z - 98. Let k = o + x. What is the highest common factor of k and 2?
2
Let p be (-244)/(-5) + 28/140. Calculate the greatest common divisor of p and 14.
7
Suppose 0 = 7*g - 2*g - 105. Let l(a) = -24*a - 351. Let f be l(-19). Calculate the greatest common divisor of g and f.
21
Suppose c + 3*c = 84. Let m be -3 + 3*(-15)/(-12)*12. Calculate the greatest common divisor of c and m.
21
Let r = 16 - 11. Suppose r = -z + 8. Calculate the highest common divisor of 15 and z.
3
Suppose -5 = u, -29*h - 55 = -31*h - 5*u. Calculate the highest common factor of h and 25.
5
Let a(g) = -g**3 - 26*g**2 + 27*g + 9. Let u be a(-27). Calculate the highest common divisor of u and 2133.
9
Let m = -28 + 41. Let b be 20 + (92/14 - 8/14). What is the highest common factor of m and b?
13
Let b(q) = q + 53. Let r be b(-20). Let t = r + -21. Calculate the highest common factor of 192 and t.
12
Let x be 3 + (13 - 1) + (0 - 0). Calculate the greatest common divisor of 2 and x.
1
Suppose 0 = 825*r - 829*r + 16. Suppose 0 = -2*l + 5*l - 60. Calculate the highest common divisor of r and l.
4
Let q = -20 - -32. Let g(c) = c**2 - 5*c - 12. Let o be g(8). What is the greatest common divisor of o and q?
12
Let j be (-48)/(-20)*40/12. Suppose 0 = -5*h + h + j. Suppose -2*q = h*g - 66, -5*q = -5*g - 147 + 12. What is the highest common divisor of 75 and q?
15
Let o be 4/8 + -4 + 1470/12. What is the greatest common factor of 14 and o?
7
Let z(m) = 1. Let l(d) = -5*d - 1. Let p(o) = l(o) - 3*z(o). Let y be p(-5). What is the highest common divisor of y and 14?
7
Let u(t) = 3*t**2 + t + 2. Let j be (12/5 + -2)*-5. Let y be u(j). What is the greatest common factor of y and 18?
6
Let h = 30 + -20. Let v = h - 16. Let z(a) = -a**2 - 7*a - 3. Let c be z(v). Calculate the highest common factor of c and 1.
1
Let y be 33 + (-1)/(2/6). Suppose 5*a + 4*c = 30 + 15, -2*c = 4*a - y. Suppose 0 = -a*r + 48 + 237. Calculate the highest common factor of 19 and r.
19
Let d be (-1)/((9/(-126))/((-13)/(-2))). Calculate the greatest common factor of 65 and d.
13
Suppose 4*b = g - 1, 5*b = 5*g - 4*g - 1. Suppose 5*m = -b*m - 110. Let v = 23 - m. Calculate the greatest common factor of v and 15.
15
Let f = 6 + 6. Suppose 0*u = u + i - 13, -2*i + 68 = 5*u. Let m be ((-1)/(-2))/(u/84). What is the highest common factor of f and m?
3
Suppose 0 = -5*d + d + 40. Suppose -d*o = -13*o - 6. Let c be (11 - 2)*o/(-3). Calculate the highest common factor of 42 and c.
6
Suppose -5*b + 4*x + 5424 = -0*x, 5*x + 4332 = 4*b. Calculate the greatest common divisor of b and 17.
17
Suppose -103*g + 29304 = -37*g. Calculate the greatest common divisor of 12 and g.
12
Let v(h) = -14*h**3 - 3*h**2 + 5*h - 2. Let w be v(2). Let g = -56 - w. Calculate the highest common factor of g and 40.
20
Suppose 0 = -53*j - 490 + 1762. Calculate the highest common factor of 64 and j.
8
Suppose 3*n - 111 = -5*c, -2*n + 2*c = 5*c - 75. Calculate the greatest common factor of n and 48.
6
Let r(d) = d**2 + 3*d + 9. Let w be r(-6). Suppose -w = o - 10*o. Let s be (-18)/(-8) + (-2)/8. What is the highest common divisor of s and o?
1
Suppose 10 + 6 = -2*l. Let t(j) = j + 10. Let b be t(l). Calculate the highest common divisor of 6 and b.
2
Let m be (3 + -1)*73 + -2. Let i be (-16)/(-48)*(-1 + 103). Let a = 52 - i. Calculate the greatest common divisor of a and m.
18
Let r = -9 + 7. Let f(s) = 34*s**2 - s - 2. Let l be f(r). Suppose -5*p - 46 = -l. Calculate the highest common divisor of 90 and p.
18
Suppose 21 = y - s, 0 = -y - 0*s - 4*s + 16. Let n(a) = -5*a + 20. Let l be n(0). What is the greatest common divisor of y and l?
20
Suppose 0 = -11*h + 9*h + 16. Let j(v) = -5*v + 98. Let x be j(18). Calculate the highest common factor of h and x.
8
Let y = 10 + 7. Let n be (-1 - 24/(-30))*-935. Calculate the highest common factor of y and n.
17
Let s(q) = 98*q - 1 - 96*q + 51*q**2 + 1. Let n be s(1). Calculate the highest common factor of n and 583.
53
Let j(l) = -3*l + 5. Let r be j(1). Suppose -r*k + 211 = -109. What is the highest common divisor of k and 10?
10
Let v be -3*(52/(-6) - 0). Suppose a = 4*r - 51, 0 = r + r + 2*a - 28. What is the highest common divisor of v and r?
13
Suppose 4*u - k + 4*k = -9, 2*u - k - 3 = 0. Suppose u = -8*z + 9*z - 1. What is the greatest common divisor of 7 and z?
1
Let d(f) = -15*f**2 + 4*f - 4. Let z(w) = 16*w**2 - 5*w + 4. Let q(k) = -7*d(k) - 6*z(k). Let p be q(-2). What is the highest common divisor of p and 9?
9
Let u = -89 + 166. Calculate the greatest common divisor of 14 and u.
7
Let j(p) = p**2 - p. Let d be j(-13). Calculate the greatest common divisor of 26 and d.
26
Suppose 0 = -11*a - 22*a + 1782. Calculate the highest common factor of 18 and a.
18
Let f = 69 + -51. Calculate the greatest common factor of 486 and f.
18
Let b(n) = 2*n + 2. Let i be b(-6). Let f be i - (1 - 8/4). Let y = 0 - f. What is the highest common factor of y and 1?
1
Let x(a) = 2*a**2 - 15*a - 98. Let h be x(12). Calculate the highest common factor of h and 50.
10
Suppose 3*p + 317 = v - 333, -1260 = -2*v - 4*p. Calculate the highest common divisor of 11 and v.
11
Let x be (-3 - 1)/(-4) + 19. Let h be 2/(-4) - 834/12. Let k = h - -120. Calculate the highest common divisor of x and k.
10
Suppose 3 = -4*h + h - 4*q, 2*q = -3*h + 3. Let v be (-64)/h*(-45)/30. What is the highest common factor of v and 8?
8
Let l(o) = -14*o**2 - 4*o + 3. Let a be l(1). Let m be 109 + 4*a/(-20). What is the highest common factor of m and 14?
14
Le